{"id":62,"date":"2018-11-22T02:57:07","date_gmt":"2018-11-22T02:57:07","guid":{"rendered":"http:\/\/www.zorkapodebrady.cz\/?page_id=62"},"modified":"2018-12-26T10:54:28","modified_gmt":"2018-12-26T10:54:28","slug":"reflexni-terapie","status":"publish","type":"page","link":"https:\/\/www.zorkapodebrady.cz\/index.php\/reflexni-terapie\/","title":{"rendered":"Reflexn\u00ed terapie"},"content":{"rendered":"<p><img loading=\"lazy\" decoding=\"async\" class=\"alignnone size-full wp-image-85\" src=\"https:\/\/masazepoderady.files.wordpress.com\/2018\/11\/reflex.jpg\" alt=\"Reflexn\u00ed mas\u00e1\u017e\" width=\"246\" height=\"205\" \/>Reflexn\u00ed terapie je n\u011bkolika tis\u00edcilet\u00edmi ov\u011b\u0159en\u00e1 technika p\u0159\u00edrodn\u00ed medic\u00edny, kdy vyu\u017e\u00edv\u00e1me toho, \u017ee v\u0161echny org\u00e1ny t\u011bla se projektuj\u00ed do okrajov\u00fdch \u010d\u00e1st\u00ed t\u011bla &#8211; chodidla (nejv\u00edce vyu\u017e\u00edvan\u00e1 oblast pro reflexn\u00ed terapii), dlan\u011b a h\u0159bety rukou, obli\u010dej, u\u0161i. Mezi reflexn\u00ed plo\u0161kou (nap\u0159. na chodidle) dan\u00e9ho org\u00e1nu a p\u0159\u00edslu\u0161n\u00fdm org\u00e1nem je obousm\u011brn\u00e9 propojen\u00ed &#8211; tzv. reflexn\u00ed oblouk. P\u016fsoben\u00edm na tyto plo\u0161ky ovliv\u0148ujeme \u010dinnost jednotliv\u00fdch org\u00e1n\u016f a tak\u00e9 n\u00e1m tyto plo\u0161ky &#8222;prozrad\u00ed&#8220;, kter\u00fd org\u00e1n nen\u00ed v optim\u00e1ln\u00ed kondici. Sou\u010dasn\u011b se v reflexn\u00ed terapii vyu\u017e\u00edv\u00e1 p\u016fsoben\u00ed na energetick\u00e9 dr\u00e1hy (meridi\u00e1ny) a jejich zakon\u010den\u00ed (\u010d\u00ednsk\u00e1 medic\u00edna).<\/p>\n<p>Reflexn\u00ed terapie probouz\u00ed samo\u010distic\u00ed a samouzdravovac\u00ed schopnosti t\u011bla, \u010d\u00edm\u017e doch\u00e1z\u00ed ke zm\u00edrn\u011bn\u00ed \u010di odstran\u011bn\u00ed zdravotn\u00edch obt\u00ed\u017e\u00ed bez pou\u017eit\u00ed chemick\u00fdch l\u00e9\u010div a k obnoven\u00ed p\u0159irozen\u00e9 rovnov\u00e1hy v t\u011ble. Reflexn\u00ed diagnostikou lze zachytit riziko vzniku onemocn\u011bn\u00ed je\u0161t\u011b d\u0159\u00edve, ne\u017e se projev\u00ed na fyzick\u00e9 \u00farovni a je mo\u017en\u00e9 ji l\u00e9ka\u0159sky diagnostikovat.<\/p>\n<p>Reflexn\u00ed terapii po\u017e\u00edv\u00e1m i jako dopln\u011bk p\u0159i probl\u00e9mech pohybov\u00e9ho apar\u00e1tu.<\/p>\n","protected":false},"excerpt":{"rendered":"<p>Reflexn\u00ed terapie je n\u011bkolika tis\u00edcilet\u00edmi ov\u011b\u0159en\u00e1 technika p\u0159\u00edrodn\u00ed medic\u00edny, kdy vyu\u017e\u00edv\u00e1me toho, \u017ee v\u0161echny org\u00e1ny t\u011bla se projektuj\u00ed do okrajov\u00fdch \u010d\u00e1st\u00ed t\u011bla &#8211; chodidla (nejv\u00edce vyu\u017e\u00edvan\u00e1 oblast pro reflexn\u00ed terapii), dlan\u011b a h\u0159bety rukou, obli\u010dej, u\u0161i. Mezi reflexn\u00ed plo\u0161kou (nap\u0159. na chodidle) dan\u00e9ho org\u00e1nu a p\u0159\u00edslu\u0161n\u00fdm org\u00e1nem je obousm\u011brn\u00e9 propojen\u00ed &#8211; tzv. reflexn\u00ed oblouk. P\u016fsoben\u00edm&#8230;<\/p>\n","protected":false},"author":1,"featured_media":0,"parent":0,"menu_order":0,"comment_status":"closed","ping_status":"closed","template":"","meta":{"footnotes":""},"class_list":["post-62","page","type-page","status-publish","hentry"],"_links":{"self":[{"href":"https:\/\/www.zorkapodebrady.cz\/index.php\/wp-json\/wp\/v2\/pages\/62"}],"collection":[{"href":"https:\/\/www.zorkapodebrady.cz\/index.php\/wp-json\/wp\/v2\/pages"}],"about":[{"href":"https:\/\/www.zorkapodebrady.cz\/index.php\/wp-json\/wp\/v2\/types\/page"}],"author":[{"embeddable":true,"href":"https:\/\/www.zorkapodebrady.cz\/index.php\/wp-json\/wp\/v2\/users\/1"}],"replies":[{"embeddable":true,"href":"https:\/\/www.zorkapodebrady.cz\/index.php\/wp-json\/wp\/v2\/comments?post=62"}],"version-history":[{"count":2,"href":"https:\/\/www.zorkapodebrady.cz\/index.php\/wp-json\/wp\/v2\/pages\/62\/revisions"}],"predecessor-version":[{"id":184,"href":"https:\/\/www.zorkapodebrady.cz\/index.php\/wp-json\/wp\/v2\/pages\/62\/revisions\/184"}],"wp:attachment":[{"href":"https:\/\/www.zorkapodebrady.cz\/index.php\/wp-json\/wp\/v2\/media?parent=62"}],"curies":[{"name":"wp","href":"https:\/\/api.w.org\/{rel}","templated":true}]}}

Reflexní terapie

<p><img loading="lazy" decoding="async" class="alignnone size-full wp-image-85" src="https://masazepoderady.files.wordpress.com/2018/11/reflex.jpg" alt="Reflexní masáž" width="246" height="205" />Reflexní terapie je několika tisíciletími ověřená technika přírodní medicíny, kdy využíváme toho, že všechny orgány těla se projektují do okrajových částí těla &#8211; chodidla (nejvíce využívaná oblast pro reflexní terapii), dlaně a hřbety rukou, obličej, uši. Mezi reflexní ploškou (např. na chodidle) daného orgánu a příslušným orgánem je obousměrné propojení &#8211; tzv. reflexní oblouk. Působením na tyto plošky ovlivňujeme činnost jednotlivých orgánů a také nám tyto plošky &#8222;prozradí&#8220;, který orgán není v optimální kondici. Současně se v reflexní terapii využívá působení na energetické dráhy (meridiány) a jejich zakončení (čínská medicína).</p>
<p>Reflexní terapie probouzí samočisticí a samouzdravovací schopnosti těla, čímž dochází ke zmírnění či odstranění zdravotních obtíží bez použití chemických léčiv a k obnovení přirozené rovnováhy v těle. Reflexní diagnostikou lze zachytit riziko vzniku onemocnění ještě dříve, než se projeví na fyzické úrovni a je možné ji lékařsky diagnostikovat.</p>
<p>Reflexní terapii požívám i jako doplněk při problémech pohybového aparátu.</p>

<p>Reflexní terapie je několika tisíciletími ověřená technika přírodní medicíny, kdy využíváme toho, že všechny orgány těla se projektují do okrajových částí těla &#8211; chodidla (nejvíce využívaná oblast pro reflexní terapii), dlaně a hřbety rukou, obličej, uši. Mezi reflexní ploškou (např. na chodidle) daného orgánu a příslušným orgánem je obousměrné propojení &#8211; tzv. reflexní oblouk. Působením&#8230;</p>
