{"id":45,"date":"2018-11-22T02:52:32","date_gmt":"2018-11-22T02:52:32","guid":{"rendered":"http:\/\/www.zorkapodebrady.cz\/?page_id=45"},"modified":"2019-01-30T19:36:58","modified_gmt":"2019-01-30T19:36:58","slug":"druhy-masazi","status":"publish","type":"page","link":"https:\/\/www.zorkapodebrady.cz\/index.php\/druhy-masazi\/","title":{"rendered":"Druhy mas\u00e1\u017e\u00ed"},"content":{"rendered":"<div class=\"blog-item-head\">\n<div class=\"blog-item-date\">\n<h2 id=\"wnd_ListingDataBlock_5je9uv\" class=\"listing-data\"><a href=\"http:\/\/www.zorkapodebrady.cz\/index.php\/dornova-metoda-plus\/\"><span style=\"color: #008383;\">Dornova metoda<img loading=\"lazy\" decoding=\"async\" class=\"size-medium wp-image-21 alignright\" src=\"http:\/\/www.zorkapodebrady.cz\/wp-content\/uploads\/2018\/11\/P_20181011_191835-169x300.jpg\" alt=\"\" width=\"169\" height=\"300\" srcset=\"https:\/\/www.zorkapodebrady.cz\/wp-content\/uploads\/2018\/11\/P_20181011_191835-169x300.jpg 169w, https:\/\/www.zorkapodebrady.cz\/wp-content\/uploads\/2018\/11\/P_20181011_191835-768x1365.jpg 768w, https:\/\/www.zorkapodebrady.cz\/wp-content\/uploads\/2018\/11\/P_20181011_191835-576x1024.jpg 576w\" sizes=\"(max-width: 169px) 100vw, 169px\" \/><\/span><\/a><\/h2>\n<\/div>\n<\/div>\n<div class=\"blog-item-perex\">\n<div id=\"wnd_PerexBlock_5vpeiv\" class=\"perex\">\n<div class=\"perex-content\">\n<p>Dornova metoda je velmi \u0161etrn\u00e1 manu\u00e1ln\u00ed technika, d\u00edky n\u00ed\u017e lze vr\u00e1tit klouby a obratle na sv\u00e9 p\u016fvodn\u00ed m\u00edsto. Vzhledem k tomu, \u017ee k posunu kloubu (obratle) na spr\u00e1vn\u00e9 m\u00edsto doch\u00e1z\u00ed za Va\u0161eho pohybu (nohou, rukou, hlavy), \u010d\u00edm\u017e se zam\u011bstnaj\u00ed okoln\u00ed svaly, tak nedoch\u00e1z\u00ed k \u0161oku, mikrotrhlink\u00e1m ve vazech, svalech a kostech jako p\u0159i chiropraxi&#8230;<\/p>\n<\/div>\n<\/div>\n<\/div>\n<p>&nbsp;<\/p>\n<h2><a href=\"http:\/\/www.zorkapodebrady.cz\/index.php\/klasicka-masaz\/\"><span style=\"color: #008383;\">Klasick\u00e1 mas\u00e1\u017e<img loading=\"lazy\" decoding=\"async\" class=\" wp-image-16 alignright\" src=\"http:\/\/www.zorkapodebrady.cz\/wp-content\/uploads\/2018\/11\/P_20181011_183827-300x169.jpg\" alt=\"\" width=\"321\" height=\"181\" srcset=\"https:\/\/www.zorkapodebrady.cz\/wp-content\/uploads\/2018\/11\/P_20181011_183827-300x169.jpg 300w, https:\/\/www.zorkapodebrady.cz\/wp-content\/uploads\/2018\/11\/P_20181011_183827-768x432.jpg 768w, https:\/\/www.zorkapodebrady.cz\/wp-content\/uploads\/2018\/11\/P_20181011_183827-1024x576.jpg 1024w\" sizes=\"(max-width: 321px) 100vw, 321px\" \/><\/span><\/a><\/h2>\n<p>Dotek rukou (pohlazen\u00ed, mas\u00e1\u017e) m\u00e1 mocnou p\u0159irozenou l\u00e9\u010divou s\u00edlu, kter\u00e1 je dostupn\u00e1 n\u00e1m v\u0161em. Ani\u017e si to uv\u011bdomujeme, je to prim\u00e1rn\u00ed zp\u016fsob komunikace, ulo\u017een\u00fd n\u011bkde v\u00a0na\u0161em podv\u011bdom\u00ed.\u00a0 \u00a0Mas\u00e1\u017e pat\u0159\u00ed mezi nejstar\u0161\u00ed l\u00e9\u010debn\u00e9 prost\u0159edky v historii lidstva&#8230;<\/p>\n<h2><a href=\"http:\/\/www.zorkapodebrady.cz\/index.php\/breussova-metoda\/\"><span style=\"color: #008383;\">Breussova mas\u00e1\u017e<img loading=\"lazy\" decoding=\"async\" class=\"size-full wp-image-106 alignright\" src=\"http:\/\/www.zorkapodebrady.cz\/wp-content\/uploads\/2018\/11\/Breuss5.jpg\" alt=\"\" width=\"275\" height=\"183\" \/><\/span><\/a><\/h2>\n<p>Jedn\u00e1 o jemnou, energeticko-manu\u00e1ln\u00ed mas\u00e1\u017e zad v oblasti p\u00e1te\u0159e (speci\u00e1ln\u00ed pomal\u00e9 hmaty vedouc\u00ed p\u0159\u00edmo po p\u00e1te\u0159i). T\u011bmito hmaty za pou\u017eit\u00ed t\u0159ezalkov\u00e9ho oleje se doc\u00edl\u00ed uvoln\u011bn\u00ed meziobratlov\u00fdch plot\u00e9nek. V n\u011bkter\u00fdch p\u0159\u00edpadech je mo\u017en\u00e9 bezbolestn\u00e9 navr\u00e1cen\u00ed vych\u00fdlen\u00fdch meziobratlov\u00fdch plot\u00e9nek na sv\u00e9 p\u016fvodn\u00ed m\u00edsto.<\/p>\n<h2><a href=\"http:\/\/www.zorkapodebrady.cz\/index.php\/bankovani\/\"><span style=\"color: #008383;\">Ba\u0148kov\u00e1n\u00ed<img loading=\"lazy\" decoding=\"async\" class=\" wp-image-20 alignright\" src=\"http:\/\/www.zorkapodebrady.cz\/wp-content\/uploads\/2018\/11\/P_20181011_185724-300x169.jpg\" alt=\"\" width=\"335\" height=\"190\" \/><\/span><\/a><\/h2>\n<p>Ba\u0148kov\u00e1n\u00ed je n\u011bkolik tis\u00edc let pou\u017e\u00edvan\u00e1 technika poch\u00e1zej\u00edc\u00ed ze starov\u011bk\u00e9 \u010c\u00edny, kde se dodnes hojn\u011b aplikuje. Zpr\u00e1vy o ba\u0148kov\u00e1n\u00ed t\u00e9\u017e m\u016f\u017eeme naj\u00edt ve star\u00e9 Mezopot\u00e1mii, Egypt\u011b \u010di\u00a0 \u0158ecku. U n\u00e1s se pou\u017e\u00edv\u00e1 nejv\u00edce k l\u00e9\u010db\u011b pohybov\u00e9ho apar\u00e1tu (uvol\u0148ov\u00e1n\u00ed sval\u016f, posuny obratl\u016f,&#8230;), ale pozitivn\u00ed \u00fa\u010dinky m\u00e1 ba\u0148kov\u00e1n\u00ed i na spr\u00e1vnou funkci vnit\u0159n\u00edch org\u00e1n\u016f (ba\u0148kov\u00e1n\u00ed podle energetick\u00fdch drah &#8211; meridi\u00e1n\u016f \/\u010d\u00ednsk\u00e1 medic\u00edna\/)<\/p>\n<h2><a href=\"http:\/\/www.zorkapodebrady.cz\/index.php\/reflexni-terapie\/\"><span style=\"color: #008383;\">Reflexn\u00ed terapie<\/span><img loading=\"lazy\" decoding=\"async\" class=\" size-full wp-image-103 alignright\" src=\"https:\/\/masazepoderady.files.wordpress.com\/2018\/11\/reflex7.jpg\" alt=\"reflex(7)\" width=\"277\" height=\"182\" \/><\/a><\/h2>\n<p>Reflexn\u00ed terapie je n\u011bkolika tis\u00edcilet\u00edmi ov\u011b\u0159en\u00e1 technika p\u0159\u00edrodn\u00ed medic\u00edny, kdy vyu\u017e\u00edv\u00e1me toho, \u017ee v\u0161echny org\u00e1ny t\u011bla se projektuj\u00ed do okrajov\u00fdch \u010d\u00e1st\u00ed t\u011bla &#8211; chodidla (nejv\u00edce vyu\u017e\u00edvan\u00e1 oblast pro reflexn\u00ed terapii), dlan\u011b a h\u0159bety rukou, obli\u010dej, u\u0161i. Mezi reflexn\u00ed plo\u0161kou (nap\u0159. na chodidle) dan\u00e9ho org\u00e1nu a p\u0159\u00edslu\u0161n\u00fdm org\u00e1nem je obousm\u011brn\u00e9 propojen\u00ed &#8211; tzv. reflexn\u00ed oblouk&#8230;<\/p>\n","protected":false},"excerpt":{"rendered":"<p>Dornova metoda Dornova metoda je velmi \u0161etrn\u00e1 manu\u00e1ln\u00ed technika, d\u00edky n\u00ed\u017e lze vr\u00e1tit klouby a obratle na sv\u00e9 p\u016fvodn\u00ed m\u00edsto. Vzhledem k tomu, \u017ee k posunu kloubu (obratle) na spr\u00e1vn\u00e9 m\u00edsto doch\u00e1z\u00ed za Va\u0161eho pohybu (nohou, rukou, hlavy), \u010d\u00edm\u017e se zam\u011bstnaj\u00ed okoln\u00ed svaly, tak nedoch\u00e1z\u00ed k \u0161oku, mikrotrhlink\u00e1m ve vazech, svalech a kostech jako p\u0159i&#8230;<\/p>\n","protected":false},"author":1,"featured_media":0,"parent":0,"menu_order":0,"comment_status":"closed","ping_status":"closed","template":"","meta":{"footnotes":""},"class_list":["post-45","page","type-page","status-publish","hentry"],"_links":{"self":[{"href":"https:\/\/www.zorkapodebrady.cz\/index.php\/wp-json\/wp\/v2\/pages\/45"}],"collection":[{"href":"https:\/\/www.zorkapodebrady.cz\/index.php\/wp-json\/wp\/v2\/pages"}],"about":[{"href":"https:\/\/www.zorkapodebrady.cz\/index.php\/wp-json\/wp\/v2\/types\/page"}],"author":[{"embeddable":true,"href":"https:\/\/www.zorkapodebrady.cz\/index.php\/wp-json\/wp\/v2\/users\/1"}],"replies":[{"embeddable":true,"href":"https:\/\/www.zorkapodebrady.cz\/index.php\/wp-json\/wp\/v2\/comments?post=45"}],"version-history":[{"count":9,"href":"https:\/\/www.zorkapodebrady.cz\/index.php\/wp-json\/wp\/v2\/pages\/45\/revisions"}],"predecessor-version":[{"id":195,"href":"https:\/\/www.zorkapodebrady.cz\/index.php\/wp-json\/wp\/v2\/pages\/45\/revisions\/195"}],"wp:attachment":[{"href":"https:\/\/www.zorkapodebrady.cz\/index.php\/wp-json\/wp\/v2\/media?parent=45"}],"curies":[{"name":"wp","href":"https:\/\/api.w.org\/{rel}","templated":true}]}}